e l/((2 - 4)*1). What is the units digit of k(m)?
6
Suppose -127 = 4*o - 7*o + 2*g, -5*o = -5*g - 210. What is the tens digit of o?
4
Let l = 2 + -2. Let c be -1 + (7 + l - 2). Suppose 16 = 5*i - c. What is the units digit of i?
4
Let o(u) = 4*u**2 - u - 15. What is the units digit of o(-6)?
5
Let n = 39 + 84. What is the hundreds digit of n?
1
Let x(s) = s**3 + 2*s**2 - 6*s + 3. Let n be x(4). Suppose w = 3*m + 49 - 155, n = 2*m - 5*w. What is the units digit of m?
5
Let j be (-2)/(8/(-7) + 1). Suppose -5*w = -4*y - 133, 0*w - 2*y = -w + 29. Let b = w - j. What is the tens digit of b?
1
Let q(k) = -k**2 - 9*k - 7. Let l = -1 + -25. Let i be l/4 + 4/8. What is the tens digit of q(i)?
1
Suppose 4*n + 10 = 270. What is the units digit of n?
5
Let o = 76 - 33. What is the units digit of o?
3
Let m = 2 + 116. What is the units digit of m?
8
Let x be ((-13)/13)/((-1)/3). Suppose 4*y + 4*w = 44, x*y - 2*w - 43 = -0*y. What is the tens digit of y?
1
Let d(w) = -23 + 6*w**2 + 23*w - 10*w**2 - 9*w**2. Let y(q) = 7*q**2 - 12*q + 12. Let n(j) = 6*d(j) + 11*y(j). What is the units digit of n(4)?
2
Let u = 5 - 3. Suppose -2*t = u, -t = 5*j + 4*t. What is the units digit of j?
1
What is the tens digit of 2/(-2) + 40 + -3?
3
Let x(w) = -23*w + 10. What is the tens digit of x(-5)?
2
Let v(a) = 2*a**2 - 2*a + 5. What is the units digit of v(2)?
9
Suppose 5*n = 2*n + 66. Suppose -10*v + 9 = -21. Suppose 2*r - j = v*j + 4, -5*j = 2*r - n. What is the units digit of r?
6
Let s = 14 + -9. Suppose -2*q - 3*q + 120 = s*l, -4 = l. What is the tens digit of q?
2
Let f(k) = -k**2 + 4*k - 1. Let u be f(3). Suppose 0*g + 16 = g. Suppose u*h + 0 = g. What is the units digit of h?
8
Let m be (0 - (-2 - -2))/(-2). Let s(o) = -o**3 - o**2 + 5. What is the units digit of s(m)?
5
What is the tens digit of (6/(-9))/(4/(-66))?
1
Suppose -4*a + 3 = 4*g - 17, -2*a - g = -6. What is the tens digit of a - 26/(0 + -2)?
1
Suppose 164 = 5*y - 131. What is the units digit of y?
9
Suppose 0 = v - 2*g - 3, 0 = 3*v - 5*v - 3*g + 20. What is the units digit of v?
7
Suppose -5*n = 2*f - 48, -5*f + 120 = -2*n + 4*n. Suppose l + 45 = 6*l. What is the units digit of (-2)/3 + f/l?
2
Let z = -21 + 11. What is the units digit of (-228)/(-14) - z/(-35)?
6
Suppose -9*r + 1656 = 3*r. What is the units digit of r?
8
What is the hundreds digit of (6/2 - 0) + 0 + 199?
2
Let g be 3*-1 + 6/(-6). Let i be 2/(-1) - (-2)/(-2). Let w = i - g. What is the units digit of w?
1
Suppose -34 = -5*z + 16. Suppose z - 26 = -4*b. What is the units digit of (-74)/(-9) + b/(-18)?
8
Let s be (0 - 0)/(3 - 4). Suppose -71 = -3*c - 2*y, -3*c = -4*y - s*y - 47. What is the units digit of c?
1
Suppose 9 = 5*p - 1. Suppose -5*b - 10 = 2*w - 32, -p*w - 4*b = -18. What is the units digit of w?
1
Let k be -1*(-4)/(-1 + 3). What is the units digit of (k*-1 + 3)*6?
6
Suppose -460 - 596 = -11*k. What is the tens digit of k?
9
Suppose 4*i = 3*i. Suppose i*t - 64 = -2*t. What is the units digit of t?
2
Let o(b) = -9*b**3 + 2*b**2 + 2*b + 1. What is the units digit of o(-1)?
0
Suppose w - 88 = -3*q, -q + 86 = w + 4*q. What is the tens digit of w?
9
What is the hundreds digit of (6 + -9)*(1 - 398/6)?
1
Let m(b) = 5*b**2 - b - 1. Let h be 4/10 - (-6)/10. Let g = h + -2. What is the units digit of m(g)?
5
Suppose -17 = -5*n + 13. What is the units digit of n?
6
Let i(p) = -3 - 2*p + 6 - p**2 + 0*p + 0*p**2. Let x be i(2). Let n(w) = -4*w - 5. What is the tens digit of n(x)?
1
Let p(z) = -3*z**3 + z**2 + 2*z + 1. Let r be p(-1). Suppose -8*n - 32 = -2*y - 4*n, r*n + 73 = 5*y. What is the units digit of y?
4
Let n(u) = -u**3 - 5*u**2 - 4*u - 1. What is the tens digit of n(-5)?
1
Suppose -3*x + 2*d = 2*x - 115, 2*d - 11 = -x. What is the tens digit of x?
2
Let p(b) = 9*b + 16. Let a(k) = -19*k - 33. Let q(s) = -6*a(s) - 13*p(s). What is the units digit of q(-4)?
2
Suppose 0 = -3*b - v - 28, -4*b + 8*b - v + 35 = 0. Let o = b + 15. What is the units digit of o?
6
Suppose 0 = j + 2*j - 36. Suppose 5*r - 3*r = j. What is the units digit of r?
6
Let u = -66 - -128. What is the units digit of u?
2
What is the tens digit of (6 + (-3 - 0))/((-2)/(-26))?
3
Suppose 0*p = 3*p - 15. Suppose 23 = 2*k - p. Let i = k + -6. What is the units digit of i?
8
Suppose 5*r - 3*f = 52, 4*r + 17 = 4*f + 65. Suppose 4*b - 93 = 5*w + 43, -r = 2*w. Suppose 2*l + 5 = -3*u - 3*l, 0 = 5*u - l - b. What is the units digit of u?
5
Suppose -2 = 5*v - 7. What is the tens digit of 11 + 2 + v + -3?
1
Suppose 2*c = -p - 9, 6*p - 2*p - 2*c + 6 = 0. What is the units digit of p/4*48/(-3)?
2
Suppose 0 = 3*u - 63 - 150. What is the tens digit of u?
7
Let d be ((-3)/(-2))/1*12. What is the units digit of 246/d - 1/(-3)?
4
Suppose 2 = -4*v + 70. What is the units digit of v?
7
Suppose -5*o = -y + 48, -5*y + 121 = -3*y - 5*o. Let x = y - 38. Suppose 2*i + 3*i - 5*b - x = 0, 2*i - 5*b - 17 = 0. What is the units digit of i?
6
Let n = 109 - 195. Let a = -55 - n. What is the tens digit of a?
3
Let f = 13 + -10. Suppose -51 = -f*g + 3*k, 2*k + 50 = 2*g + 4*k. What is the tens digit of g?
2
Let h = 178 - 58. What is the tens digit of h?
2
Suppose 0 = 2*i - i - 5. Suppose -2*j + i*j = 0. What is the units digit of 3/6*(j + 18)?
9
Let m be 4/(-10) + (-17)/(-5). Suppose 0 = 3*f + m + 9. What is the tens digit of f/10 + (-208)/(-20)?
1
Suppose 3*t + 4*c - 14 = -0*t, 5*c - 10 = 0. Suppose -l + 72 = t*l. What is the units digit of l?
4
Suppose 0 = j + 2*j - 36. Suppose 8 = 5*c - j. What is the units digit of c?
4
Suppose -3*i = 3*w - 321 - 21, 0 = -3*w - 2*i + 347. What is the hundreds digit of w?
1
Let a(r) = r**2 + 6. Let x(t) = 3*t**2 + t + 19. Let i(o) = -8*a(o) + 3*x(o). What is the tens digit of i(-7)?
3
Suppose 5*y + 2 = -8. Let x be (y - -2) + -1 + 4. Suppose 5*r + 41 = 3*q, 9 + x = -3*r. What is the units digit of q?
7
Let w(i) = -i + 3. Let y be w(3). Suppose c - 2*c + 15 = y. What is the units digit of c?
5
Let v be (-3)/((-15)/(-6) + -1). Let w = v - 0. What is the units digit of w*11/(-2) + -2?
9
Let b(d) = d**2 - 13*d + 12. Let m be b(8). Let u = -20 - m. What is the units digit of u?
8
What is the units digit of (-62)/(-3) - (-4)/12?
1
Let v = 9 + -6. Suppose 3*j + 3*n + v = 0, -3*j + 0*j - 4*n - 8 = 0. What is the units digit of (-2)/j - (-15)/2?
7
Suppose -130 = -2*b + 5*s + 104, 20 = 5*s. What is the tens digit of b?
2
Let o = -6 - 1. Let j(c) = -c**3 - 6*c**2 + 6*c + 4. What is the units digit of j(o)?
1
Suppose 33 = 3*w + 5*s, s = 3*w + 3*s - 24. What is the units digit of w?
6
Suppose -4*i + 183 = -181. What is the tens digit of i?
9
Let u = 56 - 51. Suppose 0 = -0*m + 3*m + 30. Let j = u - m. What is the tens digit of j?
1
Let l = -16 - -36. What is the tens digit of l?
2
Let n(h) be the second derivative of h**4/24 + 3*h**3/2 + h**2/2 + h. Let t(v) be the first derivative of n(v). What is the units digit of t(-5)?
4
Let z be 1*(-2 - 6 - -1). Let v = -1 - z. What is the units digit of v?
6
Suppose -t + 2*a = 29, 2*a + 39 = -4*t - 47. Let p = t - -36. What is the units digit of p?
3
Let z(i) be the second derivative of 0 - 1/6*i**3 + 2*i - 5/2*i**2. What is the units digit of z(-8)?
3
Let v(w) = -10*w + 40. What is the units digit of v(-13)?
0
Let y = -144 + 165. What is the tens digit of y?
2
Suppose -4*m = -7*m - z + 74, -3*z - 90 = -4*m. What is the tens digit of m?
2
Let d = 479 - 247. What is the units digit of d?
2
Let p be (4 - 2)*(-14)/(-4). Let u = -2 + p. What is the units digit of u?
5
Suppose -s = s - 14. What is the units digit of s?
7
Suppose -2*v - p - p = -2, 21 = 5*v + p. Suppose -w - v*q = -5, -5*w + 10 = -4*q - 131. What is the tens digit of w?
2
Let w = 46 - -7. What is the units digit of w?
3
Suppose -2*x = 4 - 10. Suppose -4*u - 26 = y, -3*y + 4*y - 23 = x*u. Let h = u + 17. What is the tens digit of h?
1
Let h = -1 + 1. Suppose h = 2*r + 2*r + 16. Let s = r + 5. What is the units digit of s?
1
Let u(c) = c**3 + 12*c**2 + 16*c + 25. What is the hundreds digit of u(-9)?
1
Let h(r) = r**3 + 1. Let c(v) = -4*v**3 + 6*v**2 + 4*v - 4. Let d = 12 - 7. Let t(o) = d*h(o) + c(o). What is the units digit of t(-5)?
6
Let r(d) = d**3 + 9*d**2 - 11*d - 8. Let k(j) = j**3 + 2*j**2 + j + 2. Suppose 4*h + 13 = 1. Let p be k(h). What is the units digit of r(p)?
2
